0
In base 6, what is -31 - -12235032?
12235001
In base 7, what is -3 - -1401553?
1401550
In base 10, what is 9022383 - -6?
9022389
In base 8, what is -1 - 10155526?
-10155527
In base 14, what is 38 + -2db630?
-2db5d6
In base 16, what is -4 - -b338?
b334
In base 6, what is 40133 + 13032?
53205
In base 13, what is 596c + -671?
52cb
In base 15, what is 2a43 + -a24?
201e
In base 11, what is -4 + 11a856a?
11a8566
In base 3, what is 12011 + 112220100022?
112220112110
In base 15, what is 3910 - -4?
3914
In base 2, what is 110110111 - 11010110000111111?
-11010101010001000
In base 6, what is -2124050 + 4?
-2124042
In base 12, what is 765b - -76?
7715
In base 6, what is 124322 - 11420?
112502
In base 14, what is 254b463 - -12?
254b475
In base 11, what is -24 - -127108?
127094
In base 12, what is 13 - -843612a?
8436141
In base 11, what is 6268 + 60498?
66755
In base 7, what is 16206454641 + 5?
16206454646
In base 10, what is -677702 + -41?
-677743
In base 3, what is 21100110210 - -12?
21100110222
In base 16, what is 91 + e09?
e9a
In base 12, what is 4 + -13b388a?
-13b3886
In base 5, what is -1312 - -423110?
421243
In base 5, what is 142 - 213310013?
-213304321
In base 12, what is -2137 + 43759?
41622
In base 10, what is -11488 - -776?
-10712
In base 8, what is 11 - 1321070?
-1321057
In base 12, what is -262 + -b9951?
-b9bb3
In base 12, what is 5 + 10467b?
104684
In base 4, what is -1 + 1231120023230?
1231120023223
In base 16, what is 2 + -127741b?
-1277419
In base 14, what is -877d66 - 38?
-877da0
In base 10, what is 3116852 - -23?
3116875
In base 9, what is 2800668 + 214?
2800883
In base 13, what is -25a48550c - -3?
-25a485509
In base 16, what is -75cba + ef?
-75bcb
In base 7, what is 62446504 + 1?
62446505
In base 6, what is -34204111 + 25?
-34204042
In base 9, what is 6251 - -28668?
36030
In base 2, what is -101101011 - -10111111010000000?
10111110100010101
In base 6, what is -15015101233 - 0?
-15015101233
In base 11, what is 0 + -2223856?
-2223856
In base 4, what is 10121101102 + -210?
10121100232
In base 4, what is -1110021222 + -121?
-1110022003
In base 11, what is 72898 + 87?
72974
In base 8, what is -17424264 + -77?
-17424363
In base 9, what is 3582340 + -2?
3582337
In base 14, what is 61c84386 + 0?
61c84386
In base 2, what is -11101010001111101 - -10101110?
-11101001111001111
In base 2, what is 100011100 + 10100111000101?
10101011100001
In base 9, what is -32 + 65328?
65286
In base 13, what is 57 + -4770?
-4716
In base 5, what is -1203000 - -301120?
-401330
In base 7, what is 6010134 - 415?
6006416
In base 9, what is -1200086 - 16?
-1200113
In base 9, what is -156317 - 76?
-156404
In base 7, what is -3353510 - 1026?
-3354536
In base 12, what is 217 + -398?
-181
In base 13, what is 10c5acb + 27?
10c5b25
In base 8, what is 14206207 - 62?
14206125
In base 12, what is -48 + -34502?
-3454a
In base 11, what is -4 + -7024471?
-7024475
In base 8, what is -17 - -66310012?
66307773
In base 16, what is -9620ec - 62?
-96214e
In base 3, what is -12 - 11021022001022221?
-11021022001100010
In base 16, what is -3 - 1126542?
-1126545
In base 15, what is -e434b7 - 4?
-e434bb
In base 11, what is 4 + -11458088?
-11458084
In base 7, what is 50143 - 15445?
31365
In base 8, what is -7 - 1344145?
-1344154
In base 4, what is 1010 + -111133123233?
-111133122223
In base 12, what is -3b0b312 - 4?
-3b0b316
In base 7, what is 654156560 - 3?
654156554
In base 9, what is 845486 - 40?
845446
In base 14, what is 1595 - 53b?
1058
In base 4, what is 112233231 + 200102?
113033333
In base 6, what is 23545520 - 135?
23545341
In base 5, what is -14223330220 + 4?
-14223330211
In base 8, what is 2 + 52520777?
52521001
In base 3, what is 22222210 + -1111001?
21111202
In base 3, what is -100222110 - -1011211?
-22210122
In base 13, what is -980751 - 10?
-980761
In base 10, what is 5403476 - -57?
5403533
In base 3, what is -201 + 201222210100?
201222202122
In base 11, what is 1717857379 - 2?
1717857377
In base 16, what is -4f37b - 10?
-4f38b
In base 10, what is -84340 + -1551?
-85891
In base 13, what is 3ba1924 + -3?
3ba1921
In base 10, what is 1 - 7806180?
-7806179
In base 3, what is -101 - 102021102000?
-102021102101
In base 12, what is -5 - 798a27b?
-798a284
In base 13, what is 119c9623 + 9?
119c962c
In base 11, what is -60854588 - -4?
-60854584
In base 16, what is 3ab3 - 5419?
-1966
In base 6, what is 1215101122 + -1?
1215101121
In base 16, what is -1cad0 - -1f?
-1cab1
In base 3, what is -11 + 112021210211000?
112021210210212
In base 4, what is 1023323322 - 12?
1023323310
In base 9, what is 175687 + 382?
176180
In base 11, what is 0 + 255488?
255488
In base 12, what is -103086 + 12?
-103074
In base 7, what is -5 - -1020065332?
1020065324
In base 6, what is -223435 + -3512?
-231351
In base 4, what is -10 + -21301103203?
-21301103213
In base 3, what is 1002020 + -10000021?
-1221001
In base 15, what is -ed - -1d72?
1c74
In base 6, what is -103 + 1043431413?
1043431310
In base 4, what is 10213313 - 13112?
10200201
In base 10, what is -2 - 98822062?
-98822064
In base 4, what is -121 - 1212231112220?
-1212231113001
In base 5, what is 440 + -24033312?
-24032322
In base 3, what is 20 - 11000212221110100?
-11000212221110010
In base 10, what is -7014 + -60?
-7074
In base 3, what is 202000200200 - 1000?
202000122200
In base 9, what is 3040452 - 85?
3040356
In base 13, what is -21 - a63a3?
-a63c4
In base 2, what is 10 + 10110000000100010010011?
10110000000100010010101
In base 14, what is 5a1dd - -79?
5a278
In base 12, what is 3 + -41392262?
-4139225b
In base 7, what is -561622 - -141?
-561451
In base 4, what is 110 + 13102100213?
13102100323
In base 7, what is 45046130 - 21?
45046106
In base 11, what is -41102 + -262?
-41364
In base 7, what is 456 - -440141?
440630
In base 10, what is 395 + 14890?
15285
In base 14, what is 2c + 2cca1?
2cccd
In base 4, what is 301 - 33332200121?
-33332133220
In base 13, what is -32 + 44aa18?
44a9b6
In base 6, what is 23120 - 11311?
11405
In base 9, what is -3067 - -87666?
84588
In base 9, what is 38248747 - 4?
38248743
In base 16, what is -8d64 + -8b8?
-961c
In base 16, what is 53364f - 3?
53364c
In base 2, what is -10100101110101000111111 + -11111?
-10100101110101001011110
In base 15, what is 258c9 - -e6?
259c0
In base 11, what is 2 - -796197?
796199
In base 3, what is -1100102122112 - 12?
-1100102122201
In base 3, what is 200 - -1202011011020?
1202011011220
In base 10, what is -83702718 + 3?
-83702715
In base 3, what is 11120210011102211 - 1011?
11120210011101200
In base 9, what is 26525 - 211?
26314
In base 6, what is -103 - 4301333?
-4301440
In base 15, what is -2 - 3b87d?
-3b880
In base 3, what is -121211211111221 + -10?
-121211211112001
In base 3, what is 21021110021121 - -10?
21021110021201
In base 10, what is -139 + -1022973?
-1023112
In base 7, what is -1215 - 2361255?
-2362503
In base 3, what is 11 + -122221110220021?
-122221110220010
In base 14, what is -11da + -66d?
-1869
In base 3, what is 0 + -112212202110202?
-112212202110202
In base 13, what is -22886cb + -5?
-2288703
In base 10, what is -27487 - -78?
-27409
In base 2, what is 1010111000101 - -101100100101?
10000011101010
In base 3, what is 10122200100112 - 20?
10122200100022
In base 13, what is -1ca + 26655?
26458
In base 5, what is -44032100 - -10?
-44032040
In base 9, what is -657782 + 54?
-657727
In base 4, what is -30122133230 + -21?
-30122133311
In base 14, what is 9 + -1022a?
-10221
In base 16, what is -5 + -3f7946?
-3f794b
In base 10, what is -3 + -12976251?
-12976254
In base 10, what is -531681 + -20?
-531701
In base 2, what is 100011 - 101000000111111101011?
-101000000111111001000
In base 8, what is -525662 - 5503?
-533365
In base 15, what is 2b43 + a2?
2be5
In base 4, what is -22023001100 - 33?
-22023001133
In base 2, what is -111011 + 101101001100001?
101101000100110
In base 12, what is -43775 - 174?
-43929
In base 2, what is -1000101100010001011010 + -101?
-1000101100010001011111
In base 5, what is 10132433 + 11110?
10144043
In base 6, what is 3 - -2205442033?
2205442040
In base 15, what is -9 - 31cc85?
-31cc8e
In base 3, what is 222202200200202201 + 1?
222202200200202202
In base 13, what is -841 + 100c6?
c585
In base 11, what is -26 + 92948?
92922
In base 16, what is 1 - -855c684?
